 be z(1). Suppose -4*b = -k*b + 29. What is the tens digit of b?
2
What is the units digit of -26*(-56)/(-6)*(-3762)/304?
3
Let p = -22 + 199. What is the units digit of p?
7
Suppose 0 = z - 166 + 2. What is the units digit of z?
4
Suppose -2*n + 1243 = 3*t - n, -5*n + 833 = 2*t. What is the units digit of t?
4
Suppose 10360 = 4*o + f, -3*o = -4*f + 928 - 8717. What is the tens digit of o?
9
Let g(c) = 64*c**2 + c - 2. Let y be g(1). Suppose 438 = 5*m + y. What is the units digit of m?
5
Suppose 3553 = 11*k - 0. What is the units digit of k?
3
Suppose -13*p + 33*p - 53480 = 0. What is the thousands digit of p?
2
Suppose 4*p = -3*p + 6*p. Suppose -9*u + 3*u + 72 = p. What is the tens digit of u?
1
Suppose 0 = -0*a - 3*a + 9. Suppose -a*f + 7*f - 280 = 0. What is the units digit of f?
0
What is the tens digit of (-4 - (-2 + 1))*(-2011)/3?
1
Let i be ((-1)/(-2))/((-17)/(-408)). What is the units digit of 28/i*(4 + 8)?
8
Let v be (58/8)/(13/52). Suppose -s + 18 = -v. Suppose -5*p + s = 2*h, 2*h - 6*p = -p + 57. What is the units digit of h?
6
Let s(c) = c**2 - 3*c - 5. Let j be s(5). Let p(r) = 3*r - 3*r - 2 - 2*r - r**3 + 3*r + 5*r**2. What is the units digit of p(j)?
3
Let o be 75*(45/(-25))/(-3). Let y = -40 + o. What is the units digit of y?
5
Let v(a) = 19*a**2 + 11*a + 23. What is the tens digit of v(8)?
2
What is the tens digit of (-112 + 113)*(-35)/2*-26?
5
Let u(a) = 2*a**2 - 24*a + 240. What is the tens digit of u(41)?
1
What is the units digit of -4 + (-22456)/(-16) + (-2)/(-4)?
0
Let t(h) = -h - 1. Let w be t(-12). Suppose w*p - 17*p + 1050 = 0. What is the units digit of p?
5
Let r(y) = -y**3 - 15*y**2 + 17*y + 22. Let g be r(-16). Suppose 3*d + 3 = 0, -g*d = -t - 4*d + 80. What is the units digit of t?
8
Let v = 222 - -56. What is the tens digit of v?
7
Let s(r) be the third derivative of r**6/120 - 11*r**5/60 + 5*r**4/24 - 5*r**3/3 - 4*r**2. Let a be s(10). What is the units digit of (-24)/a - (-33)/5?
7
Suppose 4*g - g - 2253 = 0. Suppose g = -8*c + 2375. What is the tens digit of c?
0
Let b = 139 - 97. What is the tens digit of 3766/b*(3 - 0)?
6
What is the units digit of (-8)/6*3*436/(-8)?
8
What is the thousands digit of ((-6)/2 + 44)*(-3 - -47)?
1
Suppose 0 = -5*v - 2 + 12. Suppose 0 = -v*b + o - 0*o + 5, 5*b = -5*o + 50. What is the units digit of b?
5
What is the hundreds digit of 1204/10 - 6/15?
1
Let h(w) = 18*w + 3. Let b be h(-1). What is the units digit of ((-48)/b)/(1/10)?
2
Suppose 2*d - 79 = 2*z + 11, -4*z + 2*d = 178. Let s = z - -67. Let j = s - 12. What is the units digit of j?
1
Suppose 0 = f - 3*o - 71 - 126, 2*f + 3*o = 403. What is the units digit of f?
0
Let t = -5 + 8. Let c(d) be the second derivative of d**5/20 + d**4/12 + 3*d**2/2 + 17*d. What is the units digit of c(t)?
9
Suppose -2*g + 4*d + 1834 = 0, 1118 = 2*g + 5*d - 725. What is the tens digit of g?
1
Let p(a) = 4*a**3 + 2*a - 2. Let b(d) = 11*d**3 - d**2 + 5*d - 7. Let t(k) = 3*b(k) - 8*p(k). What is the units digit of t(5)?
0
Let t = 12 - 16. What is the units digit of 2 + 46 - (0 - t)?
4
Let v(j) = -16*j + 948. What is the units digit of v(0)?
8
Suppose 4*f = -b + 4*b + 19, 4*b = -4*f - 16. Let x(u) = u - 3*u**2 + u - u**2 - u**3 - u. What is the tens digit of x(b)?
2
Suppose -5*k = 2*q - 6815, -q + 5452 = -18*k + 22*k. What is the units digit of k?
3
Let g(h) = -2*h + 3*h**3 + 17*h**2 + 9 - 10*h**2 - 4*h**3. Let f be g(5). Let s = -26 + f. What is the tens digit of s?
2
Let w = 267 + -264. Suppose 4*m + 170 - 40 = 5*v, -2*v - 4 = 0. What is the units digit of ((-84)/m)/(w/40)?
2
Let j = 24 - 34. Let y = 15 + 6. Let g = j + y. What is the tens digit of g?
1
Suppose 102*c + 25*c = 382016. What is the hundreds digit of c?
0
Let n be (-9)/15 - 2/5. What is the units digit of -29*n/2*(11 - 5)?
7
Suppose 3*c - 5*c = -c. Suppose c = 4*q + 3*p - 118, -13 - 8 = -q - 5*p. What is the units digit of q?
1
Let g = -156 + 86. Let z = g + 266. What is the units digit of z?
6
Let k(p) = p**3 - 6*p**2 - 4*p - 4. Suppose 3*a - 8*a - 2*t + 41 = 0, -5*a - t + 38 = 0. Let n be k(a). Suppose -n*y = -19*y + 70. What is the tens digit of y?
3
Let t(n) = 4 + n**2 - 2 + 13*n + 8 + 1. What is the units digit of t(-14)?
5
Let i = 1 - -4. Suppose -7*b = -i*b. Suppose b = -3*x + 11 + 7. What is the units digit of x?
6
Let j(b) = -b. Let v be j(-1). What is the units digit of 84/v + 0 + (-7 - -5)?
2
Let r(k) = -29*k - 138. Let c be r(-6). Suppose -4*m + 3*m + 3 = 0. Suppose m*j - 2*q = -0*q + 47, q = -2*j + c. What is the tens digit of j?
1
Suppose 5*f - 2 = 2*x, -4*f + 7*f + 6 = 2*x. What is the units digit of x?
9
Let j(w) = w**3 - 10*w**2 - 11*w - 7. Let z be j(11). Let o = -5 - z. Suppose c + c = o. What is the units digit of c?
1
Suppose 0 = 5*g + r - 1332, -g + 0*r + 5*r = -282. What is the tens digit of g?
6
Let s = -34 - -37. What is the units digit of (-884)/(-10) + -1 + s/5?
8
Let w = 768 - -333. What is the hundreds digit of w?
1
Let l(r) = 87*r**2 - 16*r - 51. What is the tens digit of l(8)?
8
Let y = 25 - 62. Let z = -19 - y. What is the units digit of z?
8
Suppose -22604 - 21986 = -26*a. What is the units digit of a?
5
Let p(g) be the first derivative of -g**3/6 + 25*g**2/2 + 8*g + 4. Let u(m) be the first derivative of p(m). What is the units digit of u(17)?
8
Let w be (-4)/3*3/(-1). Suppose 60 = -4*z + w*o, -51 = 5*z + 5*o - 6. What is the units digit of (z/6)/(1/(-5))?
0
Let b(a) = 2*a + 5. Let u be b(4). Let l = -13 + u. What is the units digit of (-112)/(-64)*(16 - l)?
8
Let w(f) = 241*f**3 - 3*f**2 + 2*f. Let y(m) = -m**2 + 8*m + 1. Let k be y(8). What is the units digit of w(k)?
0
Let d(a) = -2*a + 70. What is the units digit of d(4)?
2
Let c be (-2)/8 + (-36)/(-16). Suppose 4 + 1 = -5*n, 0 = 4*k + c*n + 30. What is the units digit of ((-2)/(-4))/(k/(-322))?
3
Let x be 3/1 - (-5 + 5). Suppose 4*c - x = -15, -m + 5*c + 196 = 0. Suppose 26 = -5*b + m. What is the tens digit of b?
3
Let f(i) = -120*i - 3. Let t be f(-1). Suppose 0 = -c - 96 + t. What is the units digit of c?
1
Let q(y) = 3*y**3 + 5*y**2 - 6*y. What is the tens digit of q(5)?
7
Let d(v) = -v**2 + 2*v + 25. Let q be d(6). Let l(z) be the first derivative of 35*z**4/4 - z**3/3 + z**2/2 - z + 1. What is the tens digit of l(q)?
3
Let b be 49*((-3)/1)/(-3). Let m = 70 - b. What is the units digit of m?
1
Suppose -71*b - 2*r + 84 = -70*b, -164 = -2*b - 3*r. What is the units digit of b?
6
Let y(r) = 3*r - 4. Let j = 17 - 21. Let c be y(j). What is the tens digit of 3/3 - (2 + c)?
1
Suppose -5 = -3*n - 17, -n = o + 39. Let k = -52 + 104. Let d = k + o. What is the units digit of d?
7
Let r = 86 - 82. Suppose 697 = 5*q - 2*q - 5*v, -5*q + 1100 = r*v. What is the hundreds digit of q?
2
Let s(m) = m**3 - 2*m**2 - 4*m + 2. Let l be s(3). Let x be ((l + 1)/2)/(-2). Suppose x = -5*h + 3*h + 28. What is the tens digit of h?
1
Let o be (-1 + 3/6)*-2. Let y(d) = 133*d - 2. What is the hundreds digit of y(o)?
1
Let c(t) = 1167*t**2 + 7*t + 7. What is the units digit of c(-1)?
7
Let r(o) = -1024*o**3 + 11*o**2 + 14*o + 2. What is the units digit of r(-1)?
3
Suppose 0 = -2*y - y + 72. Suppose -4*k + t + 24 = 0, 4*k - 2*t = t + y. Suppose k*g = 4*g + 70. What is the units digit of g?
5
Let o(t) be the second derivative of t**4/12 - t**3/3 + 5*t**2/2 - 19*t. What is the units digit of o(5)?
0
Let z(l) = l**2 - 4*l + 2. Let c be z(4). Suppose -h + c*d = -57, 0*d = -2*d + 4. What is the units digit of h?
1
Let n(q) = q + 74. Let k be n(0). Suppose x = 3*g + k - 470, 0 = g - 4*x - 132. What is the tens digit of g?
3
Let w(l) = 421*l**2 - 19*l - 19. What is the tens digit of w(-1)?
2
Let s(h) = -5*h + 19. Let m be s(-6). What is the tens digit of (-23 + 24)*m*1?
4
Suppose -2*v - 8 = 0, -2*l = 2*l - 3*v - 3660. What is the tens digit of l?
1
Let h(a) = -7*a - 5. Let u be h(-1). Suppose -3*i = 3*g - 126, u*i - 5*g - 14 = 70. What is the units digit of i?
2
Suppose o = 18 - 8. Suppose -2*p + o = m - 266, 3*p = -5*m + 400. What is the units digit of p?
0
Let o(w) = -w**3 + 3*w**2 + 3*w + 4. Let z be o(-3). Let y = z - -13. What is the tens digit of y?
6
Suppose 675*m - 6987 = 658*m. What is the units digit of m?
1
Let d(p) = -149*p - 18. What is the hundreds digit of d(-3)?
4
Let u(d) = -2*d**3 - 8*d**2 + 5*d - 29. W